
{"id":10723,"date":"2026-03-14T13:29:18","date_gmt":"2026-03-14T16:29:18","guid":{"rendered":"https:\/\/7ports.com.br\/?page_id=10723"},"modified":"2026-03-15T00:31:44","modified_gmt":"2026-03-15T03:31:44","slug":"midias-sociais","status":"publish","type":"page","link":"https:\/\/7ports.com.br\/?page_id=10723","title":{"rendered":"M\u00eddias Sociais"},"content":{"rendered":"\n<hr class=\"wp-block-separator has-alpha-channel-opacity\"\/>\n\n\n\n<p>As M\u00eddias Sociais, conquistaram o seu espa\u00e7o democr\u00e1tico de se fazer presente esteja onde estiver. Neste sentido a nossa prataforma que \u00e9 na verdade um porto digital, permite a atraca\u00e7\u00e3o de todas as midias em um lugar s\u00f3, aqui, j\u00e1 o usu\u00e1rio poderar al\u00e9m do link para suas paginas internas, ir direto para sua midia sem sair deste ambiente por op\u00e7\u00e3o, mantendo ou n\u00e3o, a sua privacidade de exposi\u00e7\u00e3o.  <\/p>\n\n\n\n<hr class=\"wp-block-separator has-alpha-channel-opacity\"\/>\n\n\n\n<div class=\"wp-block-media-text alignwide is-stacked-on-mobile\"><figure class=\"wp-block-media-text__media\"><img decoding=\"async\" loading=\"lazy\" width=\"640\" height=\"360\" src=\"https:\/\/7ports.com.br\/wp-content\/uploads\/2026\/03\/Imagem9.png\" alt=\"\" class=\"wp-image-10726 size-full\" srcset=\"https:\/\/7ports.com.br\/wp-content\/uploads\/2026\/03\/Imagem9.png 640w, https:\/\/7ports.com.br\/wp-content\/uploads\/2026\/03\/Imagem9-300x169.png 300w\" sizes=\"(max-width: 640px) 100vw, 640px\" \/><\/figure><div class=\"wp-block-media-text__content\">\n<h2 class=\"wp-block-heading\">WhatsAapp<\/h2>\n<\/div><\/div>\n\n\n\n<hr class=\"wp-block-separator has-alpha-channel-opacity\"\/>\n\n\n\n<div class=\"wp-block-media-text alignwide is-stacked-on-mobile\"><figure class=\"wp-block-media-text__media\"><img decoding=\"async\" loading=\"lazy\" width=\"640\" height=\"360\" src=\"https:\/\/7ports.com.br\/wp-content\/uploads\/2026\/03\/Imagem7.png\" alt=\"\" class=\"wp-image-10727 size-full\" srcset=\"https:\/\/7ports.com.br\/wp-content\/uploads\/2026\/03\/Imagem7.png 640w, https:\/\/7ports.com.br\/wp-content\/uploads\/2026\/03\/Imagem7-300x169.png 300w\" sizes=\"(max-width: 640px) 100vw, 640px\" \/><\/figure><div class=\"wp-block-media-text__content\">\n<h2 class=\"wp-block-heading\">Faceboock<\/h2>\n<\/div><\/div>\n\n\n\n<hr class=\"wp-block-separator has-alpha-channel-opacity\"\/>\n\n\n\n<div class=\"wp-block-media-text alignwide is-stacked-on-mobile\"><figure class=\"wp-block-media-text__media\"><img decoding=\"async\" loading=\"lazy\" width=\"640\" height=\"360\" src=\"https:\/\/7ports.com.br\/wp-content\/uploads\/2026\/03\/Imagem8.png\" alt=\"\" class=\"wp-image-10728 size-full\" srcset=\"https:\/\/7ports.com.br\/wp-content\/uploads\/2026\/03\/Imagem8.png 640w, https:\/\/7ports.com.br\/wp-content\/uploads\/2026\/03\/Imagem8-300x169.png 300w\" sizes=\"(max-width: 640px) 100vw, 640px\" \/><\/figure><div class=\"wp-block-media-text__content\">\n<h2 class=\"wp-block-heading\">LinkedIn<\/h2>\n<\/div><\/div>\n\n\n\n<hr class=\"wp-block-separator has-alpha-channel-opacity\"\/>\n","protected":false},"excerpt":{"rendered":"<p>As M\u00eddias Sociais, conquistaram o seu espa\u00e7o democr\u00e1tico de se fazer presente esteja onde estiver. Neste sentido a nossa prataforma que \u00e9 na verdade um porto digital, permite a atraca\u00e7\u00e3o<\/p>\n","protected":false},"author":1,"featured_media":0,"parent":0,"menu_order":0,"comment_status":"closed","ping_status":"closed","template":"","meta":[],"_links":{"self":[{"href":"https:\/\/7ports.com.br\/index.php?rest_route=\/wp\/v2\/pages\/10723"}],"collection":[{"href":"https:\/\/7ports.com.br\/index.php?rest_route=\/wp\/v2\/pages"}],"about":[{"href":"https:\/\/7ports.com.br\/index.php?rest_route=\/wp\/v2\/types\/page"}],"author":[{"embeddable":true,"href":"https:\/\/7ports.com.br\/index.php?rest_route=\/wp\/v2\/users\/1"}],"replies":[{"embeddable":true,"href":"https:\/\/7ports.com.br\/index.php?rest_route=%2Fwp%2Fv2%2Fcomments&post=10723"}],"version-history":[{"count":4,"href":"https:\/\/7ports.com.br\/index.php?rest_route=\/wp\/v2\/pages\/10723\/revisions"}],"predecessor-version":[{"id":10750,"href":"https:\/\/7ports.com.br\/index.php?rest_route=\/wp\/v2\/pages\/10723\/revisions\/10750"}],"wp:attachment":[{"href":"https:\/\/7ports.com.br\/index.php?rest_route=%2Fwp%2Fv2%2Fmedia&parent=10723"}],"curies":[{"name":"wp","href":"https:\/\/api.w.org\/{rel}","templated":true}]}}